or of 6738 and 666.
6
Calculate the greatest common factor of 3572 and 18048.
188
What is the highest common factor of 17778 and 354?
6
Calculate the highest common divisor of 98 and 8407.
7
Calculate the greatest common factor of 142 and 121126.
142
Calculate the greatest common factor of 2349 and 2523.
87
What is the highest common factor of 776 and 21592?
8
Calculate the greatest common divisor of 20 and 303190.
10
What is the greatest common divisor of 58 and 10788?
58
Calculate the greatest common divisor of 23855 and 195.
65
Calculate the greatest common factor of 115388 and 3952.
52
What is the highest common factor of 21 and 36029?
7
What is the greatest common factor of 20601 and 1512?
189
What is the greatest common divisor of 372192 and 72?
24
Calculate the highest common divisor of 174 and 46922.
58
Calculate the greatest common factor of 806 and 7432126.
806
Calculate the highest common divisor of 96866 and 34.
34
What is the greatest common divisor of 430 and 458?
2
Calculate the greatest common divisor of 16 and 71320.
8
What is the greatest common divisor of 147071 and 1403?
61
Calculate the greatest common divisor of 3825 and 12087.
153
What is the highest common factor of 52 and 6402916?
52
What is the highest common factor of 5042 and 2795789?
2521
What is the highest common divisor of 717 and 1264071?
717
Calculate the highest common divisor of 2948 and 16.
4
What is the highest common divisor of 304482 and 93?
93
What is the greatest common divisor of 14194 and 8758?
302
Calculate the highest common factor of 24651 and 59004.
99
Calculate the greatest common factor of 2525 and 11615.
505
What is the greatest common divisor of 11 and 5879467?
11
What is the highest common divisor of 183171 and 36?
3
What is the highest common factor of 7 and 655781?
7
What is the highest common divisor of 10 and 13902080?
10
What is the highest common factor of 1044171 and 243?
243
Calculate the highest common divisor of 13239 and 15.
3
Calculate the greatest common divisor of 846412 and 43.
43
Calculate the greatest common divisor of 946 and 130075.
473
What is the highest common factor of 1925 and 26600?
175
What is the greatest common divisor of 594 and 1012374?
198
What is the greatest common divisor of 64765 and 10?
5
What is the greatest common divisor of 1590 and 216770?
530
What is the highest common factor of 1610 and 95?
5
Calculate the highest common factor of 9720 and 28836.
324
Calculate the greatest common divisor of 2 and 13034.
2
What is the greatest common divisor of 17879 and 57?
19
Calculate the highest common factor of 56 and 97286.
14
Calculate the highest common factor of 7373 and 511.
73
What is the greatest common factor of 162074 and 11?
11
Calculate the greatest common divisor of 96 and 640572.
12
Calculate the highest common divisor of 128 and 50016.
32
What is the greatest common factor of 14 and 4666?
2
What is the highest common divisor of 61782 and 35?
7
Calculate the highest common divisor of 18 and 62658.
18
What is the greatest common divisor of 810 and 177552?
162
Calculate the highest common factor of 25 and 58325.
25
Calculate the greatest common factor of 969 and 24837.
51
What is the highest common divisor of 1550975 and 10?
5
What is the highest common divisor of 195011 and 955?
191
Calculate the highest common factor of 952 and 3689.
119
Calculate the highest common factor of 241704 and 52488.
648
Calculate the greatest common factor of 57005 and 31572.
877
Calculate the highest common divisor of 192 and 3516.
12
Calculate the greatest common factor of 214542 and 725.
29
What is the highest common factor of 882 and 33054?
42
Calculate the highest common divisor of 8985 and 1185.
15
What is the greatest common factor of 24606 and 4194?
18
What is the greatest common factor of 2008866 and 414?
138
Calculate the greatest common factor of 18943 and 24320.
19
What is the greatest common factor of 236 and 191042?
118
What is the highest common factor of 15184 and 1664?
208
Calculate the highest common factor of 266275 and 25.
25
What is the greatest common divisor of 387 and 33153?
129
Calculate the greatest common divisor of 3204 and 1191532.
356
Calculate the greatest common divisor of 14 and 52.
2
What is the greatest common divisor of 112 and 48256?
16
Calculate the highest common divisor of 97053 and 1.
1
Calculate the greatest common factor of 1832 and 114500.
916
Calculate the greatest common factor of 544 and 233495.
17
What is the highest common divisor of 391 and 41531?
17
What is the highest common divisor of 1208980 and 50?
10
What is the highest common factor of 146 and 1201872?
146
What is the greatest common divisor of 37 and 3324043?
37
Calculate the highest common factor of 248 and 410316.
124
What is the greatest common divisor of 315 and 9904230?
315
Calculate the highest common divisor of 362029 and 213.
71
Calculate the highest common divisor of 19096 and 119.
7
Calculate the highest common factor of 370 and 391710.
10
Calculate the greatest common divisor of 378 and 3534.
6
Calculate the highest common factor of 650806 and 26.
26
Calculate the greatest common divisor of 414 and 368.
46
What is the greatest common factor of 2 and 121798?
2
What is the highest common divisor of 6524 and 14446?
466
What is the greatest common divisor of 8 and 17692?
4
What is the greatest common divisor of 12 and 14891868?
12
Calculate the greatest common factor of 377865 and 297.
27
What is the highest common divisor of 28 and 2023?
7
What is the highest common divisor of 9904 and 65?
1
What is the highest common divisor of 2553 and 690?
69
Calculate the highest common factor of 1032 and 155101.
43
Calculate the greatest common divisor of 531080 and 80.
40
Calculate the greatest common factor of 87 and 2668.
29
What is the greatest common divisor of 11680 and 672?
32
What is the greatest common divisor of 1107 and 656?
41
Calculate the highest common divisor of 924 and 8288.
28
Calculate the highest common divisor of 81 and 69903.
81
What is the highest common divisor of 57 and 2694?
3
What is the highest common factor of 480 and 2532?
12
What is the highest common divisor of 39151 and 476?
119
What is the greatest common factor of 64 and 5528?
8
Calculate the highest common factor of 435 and 975.
15
Calculate the greatest common factor of 6486 and 6016.
94
Calculate the highest common factor of 68604 and 12.
12
What is the highest common divisor of 1908 and 92538?
954
Calculate the greatest common factor of 363 and 473.
11
Calculate the greatest common divisor of 176187 and 4.
1
Calculate the greatest common divisor of 55824 and 112.
16
Calculate the highest common factor of 3249 and 189.
9
Calculate the highest common divisor of 11692 and 25912.
316
What is the highest common divisor of 12180 and 1932?
84
What is the highest common divisor of 1349 and 8227?
19
What is the greatest common factor of 656 and 4018?
82
What is the highest common divisor of 21564 and 252?
36
What is the highest common factor of 9243 and 39?
39
Calculate the greatest common factor of 163 and 80522.
163
What is the highest common divisor of 51404 and 49956?
724
Calculate the greatest common divisor of 4028657 and 23.
23
What is the greatest common factor of 5076 and 404952?
564
What is the greatest common factor of 52 and 2313532?
52
What is the greatest common divisor of 3 and 14397?
3
Calculate the highest common divisor of 465 and 4092.
93
What is the highest common divisor of 265 and 1405?
5
What is the greatest common divisor of 6335 and 4344?
181
Calculate the highest common factor of 5423 and 45628.
187
What is the greatest common factor of 55338 and 184?
46
What is the greatest common divisor of 782030 and 60?
10
What is the greatest common factor of 3000 and 128600?
200
What is the greatest common factor of 4897350 and 450?
450
What is the highest common divisor of 141 and 162103?
47
Calculate the highest common factor of 633 and 422.
211
Calculate the highest common factor of 110723 and 526.
263
Calculate the greatest common factor of 291760 and 10.
10
Calculate the greatest common factor of 26 and 78130.
26
What is the greatest common divisor of 1057730 and 76?
38
Calculate the highest common factor of 2440 an